14, q - 5*u = -21 + v. What is the remainder when 93 is divided by q?
21
Suppose -7 = t + 5*m, 3*t + 2*m = -m - 45. Let c = t - -23. Calculate the remainder when c is divided by 3.
0
Let x(f) = -f**2 + f + 33. Let z(i) = i**3 + 4*i**2 + 2*i + 8. Let n be z(-4). Suppose 0 = -9*b - n*b + 81. Calculate the remainder when x(0) is divided by b.
6
Let i = 11 - 9. Suppose -56 = -0*n - 4*n + i*q, 28 = 2*n + q. Suppose 185 = 5*h - 5*z, -2*h - 3*h + 212 = 4*z. Calculate the remainder when h is divided by n.
12
Suppose 4*m = -3 + 99. Let n = 8 - m. Let z = 0 - n. Calculate the remainder when 59 is divided by z.
11
Let w(t) = 3*t**2 - t - 2. Let n be w(-4). Suppose -3*v - f + n = 0, 4*v - 5*f - 40 = 33. Let y = v - -4. Calculate the remainder when y is divided by 6.
3
Suppose -6 = -3*x + 3. Suppose 6*g - 6 = x*g. Suppose 163 = g*y - 61. What is the remainder when y is divided by 29?
25
Suppose v - 2 = -0. Suppose -6 = v*f - 3*f. Suppose 0 = 3*z - f - 168. Calculate the remainder when z is divided by 20.
18
Let o(b) = 5*b**2 + 2*b + 3. Let q be o(-1). Suppose 7*l = 2*l - n + q, -6 = -l + n. Calculate the remainder when l is divided by 1.
0
Suppose -4*g + 4 = -4. Suppose 2*t = 7*t - 4*j - 782, g*t = 5*j + 306. Calculate the remainder when t is divided by 23.
20
Let s(d) = d**3 - 2*d**2 + 6*d. Let a be s(-3). Let j = a + 109. What is the remainder when 135 is divided by j?
43
Let a = -24 - -84. Suppose 0 = -3*i - 48 + a. What is the remainder when 9 is divided by i?
1
Suppose -3*c = -3*l + 60 + 21, -5*c - 47 = -l. Calculate the remainder when 372 is divided by l.
20
Suppose 1 = -3*j + 4, 0 = -2*p + 2*j + 42. Suppose -4 = -5*d + 101. Suppose 3 = 2*t - d. Calculate the remainder when p is divided by t.
10
Suppose -z - 21 = -3*d + 9, -4*z = d - 10. Calculate the remainder when d is divided by 1341/(-1134)*-6 + 2/(-21).
3
Suppose -3*y - 7*x + 3*x = 153, 0 = 5*x + 15. Suppose 9*u - l = 4*u - 169, 0 = u - 3*l + 45. Let w = u - y. Calculate the remainder when 26 is divided by w.
12
What is the remainder when 200 is divided by (-372)/155*-3*10?
56
Suppose -4*s = -37 + 13. What is the remainder when (15/1)/(4/4) is divided by s?
3
Suppose 2*p + 0*p - 138 = 0. Let s = 309 - 274. Calculate the remainder when p is divided by s.
34
Suppose -3*i + 94 = -4*n, 0 = -i - 4*n + 59 - 1. Calculate the remainder when i is divided by ((-12)/8 - -2)*(-8 - -28).
8
Calculate the remainder when (84/70)/((-2)/(-565)) is divided by 19.
16
Suppose -5*j + 111 = 2*q, q + 3*j - 25 = 32. Let l = 332 - 314. What is the remainder when q is divided by l?
12
Let q(d) = 2*d + 90. Calculate the remainder when q(-9) is divided by 26.
20
Let f(u) = -u**3 + 14*u**2 + 8*u - 79. Calculate the remainder when 173 is divided by f(14).
8
Let g(b) = -2*b**3 + 4*b**2 - 3*b + 2. Let v be g(2). What is the remainder when (2/v)/(1/(-94)) is divided by 13?
8
Suppose -f + 3 = -2. Let a be 3*(0 - (-8)/(-6)). Let z = a + 6. Calculate the remainder when f is divided by z.
1
Let q(a) be the second derivative of a**4/6 + a**3/3 - 4*a**2 - 9*a. What is the remainder when q(4) is divided by 7?
4
Let j be 30/(-6)*(0 - 13). Let c = j + -13. Calculate the remainder when c is divided by 600/42 + 2/(-7).
10
Let d be ((-8)/(-12))/(6/693). Suppose 46 = 3*j - d. Suppose -f = 3*f - 56. What is the remainder when j is divided by f?
13
Suppose 2*f = 5*f - 33. Let l(m) = -3*m**3 - 8*m**2 + 4*m + 19. Let b be l(-6). Suppose -b + 25 = -11*g. Calculate the remainder when g is divided by f.
8
Suppose -56672 = -70*x + 42*x. What is the remainder when x is divided by 45?
44
Let u = 191 - 154. Calculate the remainder when 220 is divided by u.
35
Let x(d) = 2*d**2 - 8*d - 7. What is the remainder when 351 is divided by x(6)?
11
Calculate the remainder when 0/24 - (-4)/((-16)/(-916)) is divided by 26.
21
Let i be 1495/4 - 15/20. Suppose -2*b = -2*n - 338, n + 142 + i = 3*b. Let o = b + -83. What is the remainder when o is divided by 23?
21
Let c be (-35)/6 + 2/(-12). Let y = c - -4. Calculate the remainder when (y + (3 - -5))/1 is divided by 4.
2
Let s(o) = 2*o - 2. Let v be s(1). Suppose v = 5*q - 546 - 249. Let f = q - 80. Calculate the remainder when f is divided by 20.
19
Let t = 4 + -34. Let h = 34 - t. Suppose 2*v = -0*v + 8, -3*v - h = -4*n. Calculate the remainder when 56 is divided by n.
18
What is the remainder when 479 is divided by 642/42 + -1*(-2)/(-7)?
14
Let a = -417 - -440. Calculate the remainder when 114 is divided by a.
22
Let o(f) = f**3 - f - 2. Let h be o(2). Suppose -4 = h*n - 0*n. Calculate the remainder when 11 is divided by ((2*14)/(-4))/n.
4
Let j be (-9)/(-6)*4 - -2. Let r(g) = g**2 - 7*g + 11. What is the remainder when 73 is divided by r(j)?
16
Let v(z) = z**3 + z**2 - z - 1. Let x be v(0). Suppose y + 11 = 2*n + 1, 5*y + 10 = 0. Calculate the remainder when n is divided by 1/(x - 3/(-2)).
0
What is the remainder when 348 is divided by (-352)/10*5/(-2)?
84
Suppose 2*x + n = 45, 3*x = -0*n - 3*n + 60. Suppose 30 = 3*c - 2*o, 3*o + 41 = 2*c + 2*c. Calculate the remainder when x is divided by c.
1
Let t be (-30)/(-60)*(-100)/2. Let a(u) = -u**3 - 25*u**2 - 4*u + 49. Calculate the remainder when a(t) is divided by 38.
35
Calculate the remainder when 4*316/(-20)*-5 is divided by 53.
51
Suppose 1242 - 267 = 25*b. What is the remainder when b is divided by ((-2)/4)/(1/(-20))?
9
Suppose -22 = -j + 2*j. Let r = -19 - j. What is the remainder when r is divided by 3?
0
Let d be 6 - 7 - (-1 - 3). Suppose 3*o - 15 = -d*f, -4*o - 11 = 1. Calculate the remainder when 20 is divided by f.
4
Let h = -56 - -118. Suppose 4*k + 32 = 5*j, 3*k = 4*j + 5*k - 10. Suppose -78 = -j*a - 14. What is the remainder when h is divided by a?
14
Let w be 4 + (-3)/((-3)/(-52)). Let l = -26 - w. Calculate the remainder when l is divided by 14.
8
Suppose 0 = -5*s + 467 - 2. Let h(x) = -x**2 + 15*x - 18. Let q be h(14). Calculate the remainder when s is divided by (-4 - q)/(-2) - -24.
21
Let k = 3835 - 2700. Calculate the remainder when k is divided by 15.
10
Let c(r) = 12*r**2 - 6*r - 4. Calculate the remainder when c(4) is divided by 21.
17
Suppose 109 + 66 = -5*p. Let v = -4 - p. What is the remainder when v is divided by 18?
13
Suppose 0*h = -3*m - h + 188, 3*h - 244 = -4*m. Calculate the remainder when 703 is divided by m.
63
What is the remainder when (-1)/2*(-3 + 7 - 102) is divided by 9?
4
Let r(z) = -18*z - 9. Let m = -4402 + 4422. Calculate the remainder when r(-7) is divided by m.
17
Suppose 2*m - 10 = -3*m. Suppose -4*v + 4*l + 34 = -2*v, -m*v + 26 = -2*l. Let i = 57 + -40. What is the remainder when i is divided by v?
8
Suppose 1364 = 47*x + 15*x. Let n = 16 + -4. What is the remainder when x is divided by n?
10
Let n(r) = -r**2 - 6*r - 3. Let y(l) = l**2 + 5*l + 2. Let b(i) = -5*n(i) - 4*y(i). Let d be b(-9). Calculate the remainder when d/4 + 217/14 is divided by 8.
7
Suppose -2*l + 2*n = -204, 0 = -2*l + 3*n + 98 + 109. What is the remainder when l is divided by 25?
24
Let w = -8 - -43. Let g be (24*(-1)/(-5))/((-8)/(-20)). Calculate the remainder when w is divided by g + (6*(-8)/12 - -1).
8
Let z = -80 - -40. Calculate the remainder when (44/(-5))/(8/z) is divided by 9.
8
Suppose 256 = 4*q - 0*t - t, -5*q = t - 311. Calculate the remainder when 97 is divided by q.
34
Let m = -134 + 174. Calculate the remainder when m is divided by 7.
5
What is the remainder when 308 is divided by (26/(-6) + 2)*(3 - 12)?
14
Let d = -407 - -530. What is the remainder when d is divided by 31?
30
Let j = -72 + 74. Suppose m = 4*g - 591, 3*g + 0*m - 442 = j*m. What is the remainder when g is divided by 30?
28
Let g = -115 - -199. Suppose -2*k + 5*u = -g, -3*u = -4*u + 2. What is the remainder when k is divided by 3*(-1)/((-6)/32)?
15
Suppose 4*m = 97 + 19. Let s = m + 4. Calculate the remainder when 63 is divided by s.
30
Calculate the remainder when 131 is divided by 6*(-1)/8*(-220)/5.
32
What is the remainder when 10 is divided by (-4)/(4 + (-80)/15)?
1
Suppose 3*b - 1 = 2, 2*m = 3*b + 1. Let s(u) = m - u**3 + 4*u - u**2 + 0*u**2 + 3. What is the remainder when 29 is divided by s(-3)?
7
Let h = -682 - -696. Suppose -24 = -3*u - 0*u. Calculate the remainder when h is divided by u.
6
Let a(j) = j. Suppose 2*k - 126 = -2*x, 0*k - k + 53 = 3*x. Suppos